?
11111100010110
In base 15, what is -5 + -85c8d7?
-85c8dc
In base 6, what is 54051 + 1303302?
1401353
In base 2, what is 1101001010101100101001 - -101111?
1101001010101101011000
In base 3, what is -1001 + 12111022210001?
12111022202000
In base 9, what is 34175 + -373?
33702
In base 15, what is 1023d59 - -1?
1023d5a
In base 10, what is -1 - -9959928?
9959927
In base 10, what is -139 - -1722960?
1722821
In base 15, what is -4973a4 + 7?
-49739c
In base 14, what is -3 + -2798b7?
-2798ba
In base 3, what is 1 - -1110220110100122?
1110220110100200
In base 6, what is -224 - 30213032?
-30213300
In base 10, what is 1 + -2815071?
-2815070
In base 14, what is -7 - -42b809?
42b802
In base 13, what is 803 - 49c1?
-41bb
In base 13, what is -11 - 187b065?
-187b076
In base 16, what is 38c + -4769?
-43dd
In base 13, what is -1630 + -3b52?
-5482
In base 8, what is -120573 + 653?
-117720
In base 3, what is -10001101 + -202110?
-10210211
In base 4, what is -10 + 12212021223?
12212021213
In base 9, what is -6 + -21665278?
-21665285
In base 12, what is -62816 - -1478?
-6135a
In base 6, what is -105130522 + 142?
-105130340
In base 6, what is -113050 - -340053?
223003
In base 7, what is -1430 + -435202?
-436632
In base 10, what is 1011930 - -44?
1011974
In base 11, what is 19976257 + -5?
19976252
In base 8, what is -36773 + -720?
-37713
In base 5, what is -310 - -114234300?
114233440
In base 11, what is -58a36652 - 0?
-58a36652
In base 10, what is -643057 - -28?
-643029
In base 7, what is -10661055 + -16?
-10661104
In base 4, what is 201201101 + 32?
201201133
In base 9, what is -138665810 + -2?
-138665812
In base 11, what is 7442071 - -2?
7442073
In base 3, what is -1 + -21010222221?
-21010222222
In base 6, what is 43153042 - 123?
43152515
In base 16, what is -297b32 + -7e?
-297bb0
In base 2, what is -110000 + -1110101111?
-1111011111
In base 13, what is -2b8aa8 + 1?
-2b8aa7
In base 12, what is -4 - -732521a?
7325216
In base 5, what is 420010 - -20011?
440021
In base 16, what is 4b + 68829?
68874
In base 9, what is 7832 + 170722?
178654
In base 14, what is 257139 + a?
257145
In base 7, what is -50121246 - -3?
-50121243
In base 4, what is 3111031313 + -203?
3111031110
In base 12, what is -234532b3 + 0?
-234532b3
In base 6, what is -31333 + 3353?
-23540
In base 5, what is -1 + -11014021422?
-11014021423
In base 5, what is 114020 + -11234022?
-11120002
In base 14, what is -79 + 2700cb?
270052
In base 10, what is -49 + -38092?
-38141
In base 12, what is 838 + 818aa?
82526
In base 5, what is -13314322 + -213?
-13320040
In base 12, what is -134 + -1aa44?
-1ab78
In base 10, what is -5976 + -879?
-6855
In base 5, what is -24123111210 + 32?
-24123111123
In base 7, what is -20235264 + 150?
-20235114
In base 12, what is 77644 + -4b?
775b5
In base 4, what is 32322 - -11212100?
11311022
In base 2, what is 1001110010000 - -1011001111010?
10101000001010
In base 12, what is 570 - 106?
466
In base 16, what is 15 + -bd9a1?
-bd98c
In base 5, what is 2342 + -3003130?
-3000233
In base 14, what is 48386d6 - -5?
48386db
In base 14, what is 4 + 159508?
15950c
In base 13, what is -25 + a74a57?
a74a32
In base 5, what is 4 + 240014321100?
240014321104
In base 4, what is 1030203110311 + 2?
1030203110313
In base 6, what is -102 - 1003310?
-1003412
In base 9, what is -142 - 3537756?
-3538008
In base 5, what is -1102 - 1011330?
-1012432
In base 11, what is 0 - -7032334a?
7032334a
In base 9, what is 124818668 + 27?
124818706
In base 15, what is 2edc + 88b8?
b8a5
In base 7, what is 23140116565 + -2?
23140116563
In base 6, what is -32323 + -53554?
-130321
In base 8, what is 42 + -110726?
-110664
In base 15, what is 6b73e + -2?
6b73c
In base 3, what is 10110211121000221021 - 12?
10110211121000221002
In base 8, what is 1572252 + -34?
1572216
In base 7, what is 124516 - 6603?
114613
In base 5, what is -214122013411 - 21?
-214122013432
In base 8, what is 1456110 + 4?
1456114
In base 5, what is -102112034242 + -4?
-102112034301
In base 9, what is -30402 - -247?
-30144
In base 5, what is -32330 + 34102?
1222
In base 6, what is -14422 - 4113344?
-4132210
In base 7, what is -4 + -216356?
-216363
In base 8, what is 2323732 - -24?
2323756
In base 8, what is -2236277 + 12?
-2236265
In base 5, what is -111031423 + -10?
-111031433
In base 14, what is -5a0ab6 - 5?
-5a0abb
In base 3, what is -121120211110 - 1021?
-121120212201
In base 12, what is -200 + -275151?
-275351
In base 15, what is 1161a8dc - 0?
1161a8dc
In base 16, what is -156 - 110ebc?
-111012
In base 4, what is 123103013 + 0?
123103013
In base 2, what is -101011101011010101 + 11100100?
-101011100111110001
In base 5, what is -2 - -4234120204?
4234120202
In base 8, what is -6146622 - 2?
-6146624
In base 7, what is 13420 + -16056?
-2336
In base 10, what is 5527153 - -3?
5527156
In base 6, what is -4 + -2253433442?
-2253433450
In base 9, what is 1 - -222734?
222735
In base 6, what is -33545 - 12504?
-50453
In base 11, what is 231335394 - 4?
231335390
In base 7, what is -615300664 - -3?
-615300661
In base 8, what is 33033 + 6405?
41440
In base 9, what is 126 - 1868?
-1742
In base 10, what is -1278 - 49033?
-50311
In base 11, what is -17756781 + -3?
-17756784
In base 15, what is -2 - -283245?
283243
In base 7, what is 3 - -222611241?
222611244
In base 13, what is 10 - -34c6898?
34c68a8
In base 14, what is 2512ac7 - -4?
2512acb
In base 4, what is 30023032003 + -21?
30023031322
In base 12, what is 1715 + -7906?
-61b1
In base 12, what is -9531 + 31a?
-9213
In base 3, what is 2200011000 + -10222200?
2112011100
In base 5, what is -20031322 - -20104?
-20011213
In base 3, what is 1122 + 102020222?
102022121
In base 3, what is -11010002112121020 - -101?
-11010002112120212
In base 12, what is -9388 - 1a6?
-9572
In base 11, what is 53629 + 2414?
55a42
In base 4, what is 2 - 10202003203212?
-10202003203210
In base 4, what is -12 + 1022301200212?
1022301200200
In base 9, what is -1630 + -2436703?
-2438433
In base 10, what is -3698 + -5528?
-9226
In base 11, what is 5483697 - 1?
5483696
In base 16, what is -1d001ee9 - 2?
-1d001eeb
In base 14, what is 230a9 + 499?
23564
In base 3, what is 122 + 2122120221210?
2122120222102
In base 10, what is -10 - 6758756?
-6758766
In base 12, what is -a49 - 6b641?
-7048a
In base 14, what is 1c1a - -11817?
13633
In base 10, what is 164498450 - -4?
164498454
In base 3, what is 2222 - -100222022111?
100222102110
In base 4, what is -132003333 + -112?
-132010111
In base 13, what is -2 - 537404?
-537406
In base 8, what is -11 + 11404413?
11404402
In base 6, what is 232222 - -103352?
340014
In base 4, what is 2103100203223 + 11?
2103100203300
In base 11, what is 195152321 - 2?
19515231a
In base 14, what is 393c - -48d?
3dcb
In base 15, what is -823550 - -4?
-82354b
In base 4, what is 2000323 + -231323?
1103000
In base 7, what is -3 + -12503226?
-12503232
In base 12, what is 36187568 + 0?
36187568
In base 5, what is -100231413 + -11?
-100231424
In base 6, what is 50111 - 32110?
14001
In base 10, what is 1648450 - -1?
1648451
In base 9, what is -10203864 - 45?
-10204020
In base 8, what is 22005 + -203576?
-161571
In base 12, what is 3935 - 1a8?
3749
In base 4, what is -21211010 - 132301?
-22003311
In base 9, what is 2 - 36530356?
-36530354
In base 11, what is 3454 + 474?
3918
In base 14, what is -7 + -14075?
-1407c
In base 3, what is 1002021220110112 - -1?
1002021220110120
In base 10, what is -15 + -280797?
-280812
In base 11, what is -25891 - 203?
-25a94
In base 12, what is -257 - -b1a32?
b1797
In base 10, what is 7280060 - -5?
7280065
In base 15, what is -610ac0 + 2?
-610abd
In base 8, what is 17535 - -77120?
116655
In base 2, what is -101 - 11000110011100110001110110?
-11000110011100110001111011
In base 12, what is 7167 + 114?
727b
In base 4, what is -21022230 - -101101?
-20321123
In base 8, what is -373251 - 116?
-373367
In base 4, what is 1023 - -133211012?
133212101
In base 7, what is 6342652 + 4?
6342656
In base 13, what is -3 + -177ac940?
-177ac943
In base 13, what is -6479c19 + -5?
-6479c21
In base 2, what is -1011110 + -1100010110101100001?
-1100010110110111111
In base 11, what is 1438a - -793?
15072
In base 5, what is -100223344 + 341?
-100223003
In base 4, what is 21 + -21232022001?
-21232021320
In base 7, what is 145436330 - 0?
